Suppose 4*m - 50*k = -53*k + 378, 2*m + 3*k - 186 = 0. What is the remainder when 1725 is divided by m?
93
Suppose 5*i - 5*b + 19 + 1 = 0, -5*b = -5. Let q(a) = -33*a. Calculate the remainder when q(-1) is divided by (-5 - 1)*(i/(-6) - 2).
6
Let j be (6/(-4))/(3/(-8)). Suppose 0 = -y + 2*w + 72, 2*y - 9*w - 148 = -j*w. What is the remainder when y is divided by 33?
31
Let l(o) = 15*o + 201. What is the remainder when 117 is divided by l(-13)?
3
Let a(k) = 2*k + 31. Suppose -3*f - 44 = -2. Let i be a(f). Suppose 4*w = -i*n + 66, -2*w = 4*n - 0*w - 98. Calculate the remainder when n is divided by 19.
7
Let q(w) = -w**2 + 5*w + 27. Let f be 2/(-10) + 918/90 + -2. Calculate the remainder when q(f) is divided by 3.
0
Let b be 114*(54/12 + -6). What is the remainder when (2/4)/((b/2754)/(-19)) is divided by 22?
21
Let a(b) = -3*b**2 - 56*b - 3. Let r be a(-10). Let z = 274 - r. Calculate the remainder when 44 is divided by z.
10
Let t(u) = u**2 + 49*u - 1158. What is the remainder when (-6)/(-1 + 3) + 193 is divided by t(18)?
46
Suppose 5*w - 8867 = -7*s, w - 2*s - 1768 = 2*s. Calculate the remainder when w is divided by 127.
121
Let v(d) be the third derivative of 25*d**4/8 - 29*d**3/3 + 59*d**2. Let n = -96 - -213. What is the remainder when n is divided by v(1)?
15
Suppose -16*z = -6*z + 51*z - 12017. Let r = -14 + 24. Calculate the remainder when z is divided by r.
7
Let u(o) be the first derivative of 2*o**3/3 - 4*o**2 + 4*o + 179. Let p be -3 + 3 - 36/(-3). Calculate the remainder when u(p) is divided by 25.
21
Let g(x) = -2*x**2 - 28*x - 24. Let o be g(-13). Suppose 4*l + o*k + 0*k = 220, -5*l - 5*k + 270 = 0. What is the remainder when l is divided by 34?
22
Suppose 2*v = 3*g - 0*v - 183, -5*g + 305 = -3*v. Suppose 0*t - 24 = -3*t. What is the remainder when g is divided by (7/(28/16))/(1/t)?
29
Suppose -3*t = -12, -3*r - 5*t + 442 + 2254 = 0. Let m = 1051 - r. Let w = 108 + -76. Calculate the remainder when m is divided by w.
31
Let o(v) = v**3 - 5*v**2 + v + 6. Let n be o(7). Suppose -27 = -b - 5*z, -3*b + 6*b + 5*z - n = 0. What is the remainder when 112 is divided by b?
28
Let u be (-40)/(-15)*228/16. Let b = 63 - u. Let y(q) = 20*q + 7. Calculate the remainder when y(7) is divided by b.
22
Suppose 27 = 2*y + 81. Let m = y + 44. What is the remainder when (-4)/(-8) - 250/(-4) is divided by m?
12
Let k(h) = -342 + 2*h + 310 + 0*h. Let x be k(20). Suppose 168 = -x*y + 16*y. What is the remainder when 36 is divided by y?
15
Let m(z) = -69*z + 130. Let j(l) = 137*l - 268. Let p(s) = -6*j(s) - 13*m(s). Calculate the remainder when p(8) is divided by 20.
18
Let s = 49 - -75. Suppose -t - 12 = -3*m, 0 = m - t + 5*t + 9. Suppose -128 = -m*l - l. Calculate the remainder when s is divided by l.
28
What is the remainder when 725 is divided by ((-6059)/(-1245) - 1/(-3))*35?
179
Let x = 4729 - 4688. Let i = 9 + -31. What is the remainder when x is divided by (-4)/12 - i/3?
6
Let y(a) = -2*a**3 + 15*a**2 - 11*a + 17. What is the remainder when 243 is divided by y(6)?
7
Suppose -18 = -5*n + 42. Let f(u) = u**2 - 14*u + 6. Let x be f(12). Let b = x - -41. What is the remainder when b is divided by n?
11
Suppose i - 53 = 5*w + 77, 2*i = w + 260. What is the remainder when 152 is divided by i?
22
Let m = 272 + -261. Calculate the remainder when 0 - -32 - (-6 - -5) is divided by m.
0
Let d = 23606 + -11153. What is the remainder when d is divided by 6?
3
Let h = 84 + -120. Let g = 64 + h. Suppose 0 = -2*f + 4*l + g, -f + 0*l + l = -15. Calculate the remainder when 61 is divided by f.
13
Suppose 0 = -5*v - 4*d + 152, -465*v + 2*d = -463*v - 86. What is the remainder when 10870 is divided by v?
34
Let d = 359 - -317. Calculate the remainder when d is divided by 12.
4
Let b(o) = 7*o**2 - 56*o + 2. Let t be b(8). Suppose -2*a + t*g = -3*g + 19, -3*g + 6 = -3*a. What is the remainder when 53 is divided by a?
2
Suppose 5*g = 2*d + 279, 42 = g + 14*d - 19*d. What is the remainder when 91 is divided by g?
34
Let z(g) = 16*g + 146. Let v be z(-9). Suppose -5*q + 3*a = -6*q + v, 5*a + 2 = -q. What is the remainder when q is divided by 5?
3
Suppose -202*i - 302*i + 471359 = -205513. What is the remainder when i is divided by 84?
83
Let y(u) = 4*u**2 + 345*u - 334. What is the remainder when y(-122) is divided by 7?
4
What is the remainder when 3311 is divided by (1 - 286/(-44))*2/1?
11
Let z be (15 + 0)*35 - 4. Suppose 2*h - 3*n + 1063 = 0, -7*n + z = -h - 2*n. What is the remainder when 28/10 + -3 + h/(-5) is divided by 22?
19
Let h(d) = -d**2 + 56*d - 365. What is the remainder when 152 is divided by h(8)?
0
Suppose -13*z - 439 = -3520. Suppose -8 = 4*f, -3*v + z = -0*f + 3*f. Suppose 79*o - v*o + 20 = 0. Calculate the remainder when 97 is divided by o.
7
Let k(z) = 260 - z - 75 - 80 - 80. Calculate the remainder when 56 is divided by k(-5).
26
Let o(u) = -2*u**3 - 30*u**2 - 35 + 8*u**2 - 13*u - 36*u**2 + 64*u. Calculate the remainder when o(-30) is divided by 34.
31
Let k(f) be the first derivative of f**2 + 3*f + 526. Let d(v) = -v**2 - 5*v - 4. Let p be d(-3). Calculate the remainder when k(p) is divided by 5.
2
Let g be 8532/28 + 1/((-35)/(-10)). Let l = g + -238. Calculate the remainder when l is divided by 14.
11
Let g(z) = z**2 - 100*z + 8. What is the remainder when 694 is divided by g(0)?
6
Suppose 140 = -t + 5*h, -t = -3*h + 85 + 65. Let u = t + 196. What is the remainder when u is divided by (12/10)/((-1)/(-15))?
13
Let u(a) = -a**3 + 8*a**2 - 3*a + 8. Let v = -1941 - -1949. What is the remainder when u(7) is divided by v?
4
Let u = 345 - 300. Suppose -3*a + 5*a = -r + u, r - 33 = a. What is the remainder when 403 is divided by r?
33
Suppose 6*s + 144 = 2*f, -240 = -4*f - 17*s + 21*s. Suppose 3*x - 716 = 82. What is the remainder when x is divided by f?
50
Let z(y) = -y**2 + 10*y - 4. Let o be z(5). Suppose -5*c - 5 = 0, -o = -2*n - c + 48. Calculate the remainder when n is divided by 21.
14
Let l(j) = 6 - 12*j - 5*j + 32*j - 14*j. Suppose 0*k + k - 4*s + 22 = 0, 4*k + 4*s - 12 = 0. What is the remainder when l(k) is divided by 1?
0
Suppose -28*x + 34*x = 24. Suppose 6*z = -x + 16. What is the remainder when 30 is divided by z?
0
What is the remainder when (-2)/(-29) + 623721/1421 is divided by 65?
49
Suppose -25*i - 2*v = -24*i - 141, -3*v - 705 = -5*i. What is the remainder when 385 is divided by i?
103
Suppose 28*h - 3838 = 54. Calculate the remainder when 426 is divided by h.
9
Let n(w) = -w**3 - 42*w**2 - 132*w + 775. Calculate the remainder when 324 is divided by n(-38).
9
Suppose -8*s - 6780 = -38*s. Suppose -s - 1204 = -26*j. What is the remainder when j is divided by 43?
12
Suppose 1234 - 649 = 9*n. Let x = 203 - n. What is the remainder when x is divided by 40?
18
Let b = -332475 - -332484. Let a = 97 - 39. Calculate the remainder when a is divided by b.
4
Let c(n) = -5*n - 6. Let m be c(-3). Suppose -16*k = -m*k. Suppose -15*o + 16*o - 111 = k. What is the remainder when o is divided by 6?
3
What is the remainder when (358/5)/((-68)/(-170)) is divided by 60?
59
Suppose 5*d = -0*d + 380. Calculate the remainder when 6/(-6) - (-154 - -2) is divided by d.
75
Calculate the remainder when 191 is divided by -9 - (74/(-10))/((-77)/(-770)).
61
Let t(l) = l**2 + 18*l - 105. Let b be t(5). Suppose -b*f + 204 = 2*f. What is the remainder when 164 is divided by f?
11
Suppose 3*w + c - 4*c - 12 = 0, -5*w - 3*c + 12 = 0. Let p(m) = -6 + 3*m + 5*m - 12*m + 2*m**2 + 10. What is the remainder when 39 is divided by p(w)?
9
Suppose -20*d - 58 + 729 = 91. Calculate the remainder when 543 is divided by d.
21
Let k(y) = 2*y**2 - 52*y + 314. Calculate the remainder when 2651 is divided by k(8).
25
Suppose -102 = 3*c + 4*i - 380, -404 = -4*c + 3*i. Let f = c - 67. Calculate the remainder when 57 is divided by f.
26
Let m(r) = -51*r - 158. What is the remainder when 331 is divided by m(-4)?
9
Calculate the remainder when 8616 is divided by 32/80 - (-20)/(-25) - (-2214)/10.
218
Suppose -283*l + 256*l + 1566 = 0. Calculate the remainder when 428 is divided by l.
22
Suppose 5*y - 128 - 102 = -5*o, 5*y + 2*o = 218. What is the remainder when 1297 is divided by y?
37
Let d = -15925 + 16138. Calculate the remainder when d is divided by (-400)/(-22) + (-8)/44.
15
Let w 